{"id":499,"date":"2025-01-21T10:54:41","date_gmt":"2025-01-21T13:54:41","guid":{"rendered":"https:\/\/igarapava.sp.gov.br\/portal\/?page_id=499"},"modified":"2025-02-14T19:30:15","modified_gmt":"2025-02-14T22:30:15","slug":"localizacao","status":"publish","type":"page","link":"https:\/\/igarapava.sp.gov.br\/site\/localizacao\/","title":{"rendered":"Localiza\u00e7\u00e3o"},"content":{"rendered":"\t\t<div data-elementor-type=\"wp-page\" data-elementor-id=\"499\" class=\"elementor elementor-499\" data-elementor-post-type=\"page\">\n\t\t\t\t<div class=\"elementor-element elementor-element-46a337e e-flex e-con-boxed e-con e-parent\" data-id=\"46a337e\" data-element_type=\"container\" data-e-type=\"container\">\n\t\t\t\t\t<div class=\"e-con-inner\">\n\t\t\t\t<div class=\"elementor-element elementor-element-3d0bfee elementor-widget elementor-widget-text-editor\" data-id=\"3d0bfee\" data-element_type=\"widget\" data-e-type=\"widget\" data-widget_type=\"text-editor.default\">\n\t\t\t\t\t\t\t\t\t<p data-start=\"0\" data-end=\"244\">Localizado no nordeste do estado de S\u00e3o Paulo, Igarapava est\u00e1 a aproximadamente 444 quil\u00f4metros da capital paulista. O munic\u00edpio ocupa uma \u00e1rea de 468,246 quil\u00f4metros quadrados e faz divisa com Aramina-SP, Buritizal-SP, Delta-MG e Rifaina-SP.<\/p><p data-start=\"246\" data-end=\"462\">Situado \u00e0s margens da Rodovia Anhanguera (SP-330), que conecta a divisa de Minas Gerais com a capital paulista, Igarapava possui f\u00e1cil acesso \u00e0s principais rodovias do estado, como as Vias Bandeirantes e Dom Pedro.<\/p><p data-start=\"464\" data-end=\"588\" data-is-last-node=\"\">Al\u00e9m disso, o munic\u00edpio est\u00e1 inserido na bacia hidrogr\u00e1fica do Vale do Rio Grande, uma regi\u00e3o de grande potencial tur\u00edstico.<\/p>\t\t\t\t\t\t\t\t<\/div>\n\t\t\t\t\t<\/div>\n\t\t\t\t<\/div>\n\t\t<div class=\"elementor-element elementor-element-45db264 e-flex e-con-boxed e-con e-parent\" data-id=\"45db264\" data-element_type=\"container\" data-e-type=\"container\">\n\t\t\t\t\t<div class=\"e-con-inner\">\n\t\t\t\t<div class=\"elementor-element elementor-element-ab737c8 elementor-widget elementor-widget-google_maps\" data-id=\"ab737c8\" data-element_type=\"widget\" data-e-type=\"widget\" data-widget_type=\"google_maps.default\">\n\t\t\t\t\t\t\t<div class=\"elementor-custom-embed\">\n\t\t\t<iframe loading=\"lazy\"\n\t\t\t\t\tsrc=\"https:\/\/maps.google.com\/maps?q=Doutor%20Gabril%20Vilela%2C%20413%20Igarapava%20S%C3%A3o%20PAul&#038;t=m&#038;z=15&#038;output=embed&#038;iwloc=near\"\n\t\t\t\t\ttitle=\"Doutor Gabril Vilela, 413 Igarapava S\u00e3o PAul\"\n\t\t\t\t\taria-label=\"Doutor Gabril Vilela, 413 Igarapava S\u00e3o PAul\"\n\t\t\t><\/iframe>\n\t\t<\/div>\n\t\t\t\t\t\t<\/div>\n\t\t\t\t\t<\/div>\n\t\t\t\t<\/div>\n\t\t\t\t<\/div>\n\t\t","protected":false},"excerpt":{"rendered":"<p>Localizado no nordeste do estado de S\u00e3o Paulo, Igarapava est\u00e1 a aproximadamente 444 quil\u00f4metros da capital paulista. O munic\u00edpio ocupa uma \u00e1rea de 468,246 quil\u00f4metros quadrados e faz divisa com Aramina-SP, Buritizal-SP, Delta-MG e Rifaina-SP. Situado \u00e0s margens da Rodovia Anhanguera (SP-330), que conecta a divisa de Minas Gerais com a capital paulista, Igarapava possui [&hellip;]<\/p>\n","protected":false},"author":1,"featured_media":0,"parent":0,"menu_order":0,"comment_status":"closed","ping_status":"closed","template":"","meta":{"footnotes":""},"class_list":["post-499","page","type-page","status-publish","hentry"],"_links":{"self":[{"href":"https:\/\/igarapava.sp.gov.br\/site\/wp-json\/wp\/v2\/pages\/499","targetHints":{"allow":["GET"]}}],"collection":[{"href":"https:\/\/igarapava.sp.gov.br\/site\/wp-json\/wp\/v2\/pages"}],"about":[{"href":"https:\/\/igarapava.sp.gov.br\/site\/wp-json\/wp\/v2\/types\/page"}],"author":[{"embeddable":true,"href":"https:\/\/igarapava.sp.gov.br\/site\/wp-json\/wp\/v2\/users\/1"}],"replies":[{"embeddable":true,"href":"https:\/\/igarapava.sp.gov.br\/site\/wp-json\/wp\/v2\/comments?post=499"}],"version-history":[{"count":7,"href":"https:\/\/igarapava.sp.gov.br\/site\/wp-json\/wp\/v2\/pages\/499\/revisions"}],"predecessor-version":[{"id":1811,"href":"https:\/\/igarapava.sp.gov.br\/site\/wp-json\/wp\/v2\/pages\/499\/revisions\/1811"}],"wp:attachment":[{"href":"https:\/\/igarapava.sp.gov.br\/site\/wp-json\/wp\/v2\/media?parent=499"}],"curies":[{"name":"wp","href":"https:\/\/api.w.org\/{rel}","templated":true}]}}