{"id":4504,"date":"2025-11-28T14:21:10","date_gmt":"2025-11-28T17:21:10","guid":{"rendered":"https:\/\/igarapava.sp.gov.br\/site\/?page_id=4504"},"modified":"2025-11-28T14:25:18","modified_gmt":"2025-11-28T17:25:18","slug":"cmdr","status":"publish","type":"page","link":"https:\/\/igarapava.sp.gov.br\/site\/cmdr\/","title":{"rendered":"CMDR"},"content":{"rendered":"\t\t<div data-elementor-type=\"wp-page\" data-elementor-id=\"4504\" class=\"elementor elementor-4504\" data-elementor-post-type=\"page\">\n\t\t\t\t<div class=\"elementor-element elementor-element-be3dc62 e-flex e-con-boxed e-con e-parent\" data-id=\"be3dc62\" data-element_type=\"container\" data-e-type=\"container\">\n\t\t\t\t\t<div class=\"e-con-inner\">\n\t\t\t\t<div class=\"elementor-element elementor-element-7a4eb80 elementor-widget elementor-widget-image\" data-id=\"7a4eb80\" data-element_type=\"widget\" data-e-type=\"widget\" data-widget_type=\"image.default\">\n\t\t\t\t\t\t\t\t\t\t\t\t\t\t\t<img decoding=\"async\" width=\"300\" height=\"164\" src=\"https:\/\/igarapava.sp.gov.br\/site\/wp-content\/uploads\/2025\/11\/logo-conselho-desenvolvimento-rural-300x164.png\" class=\"attachment-medium size-medium wp-image-4503\" alt=\"\" srcset=\"https:\/\/igarapava.sp.gov.br\/site\/wp-content\/uploads\/2025\/11\/logo-conselho-desenvolvimento-rural-300x164.png 300w, https:\/\/igarapava.sp.gov.br\/site\/wp-content\/uploads\/2025\/11\/logo-conselho-desenvolvimento-rural-1024x559.png 1024w, https:\/\/igarapava.sp.gov.br\/site\/wp-content\/uploads\/2025\/11\/logo-conselho-desenvolvimento-rural-768x419.png 768w, https:\/\/igarapava.sp.gov.br\/site\/wp-content\/uploads\/2025\/11\/logo-conselho-desenvolvimento-rural-1536x838.png 1536w, https:\/\/igarapava.sp.gov.br\/site\/wp-content\/uploads\/2025\/11\/logo-conselho-desenvolvimento-rural-2048x1117.png 2048w\" sizes=\"(max-width: 300px) 100vw, 300px\" \/>\t\t\t\t\t\t\t\t\t\t\t\t\t\t\t<\/div>\n\t\t\t\t<div class=\"elementor-element elementor-element-b1dd38a elementor-widget elementor-widget-spacer\" data-id=\"b1dd38a\" data-element_type=\"widget\" data-e-type=\"widget\" data-widget_type=\"spacer.default\">\n\t\t\t\t\t\t\t<div class=\"elementor-spacer\">\n\t\t\t<div class=\"elementor-spacer-inner\"><\/div>\n\t\t<\/div>\n\t\t\t\t\t\t<\/div>\n\t\t\t\t<div class=\"elementor-element elementor-element-f433953 elementor-widget elementor-widget-text-editor\" data-id=\"f433953\" data-element_type=\"widget\" data-e-type=\"widget\" data-widget_type=\"text-editor.default\">\n\t\t\t\t\t\t\t\t\t<p data-start=\"316\" data-end=\"592\">O <strong data-start=\"318\" data-end=\"372\">Conselho Municipal de Desenvolvimento Rural (CMDR)<\/strong> \u00e9 o \u00f3rg\u00e3o respons\u00e1vel por assessorar, planejar, integrar e acompanhar as a\u00e7\u00f5es voltadas ao desenvolvimento agr\u00edcola e ao abastecimento rural no Munic\u00edpio de Igarapava.<br data-start=\"540\" data-end=\"543\" \/><em data-start=\"543\" data-end=\"554\">(Art. 1\u00ba, <a href=\"https:\/\/igarapava.sp.gov.br\/site\/wp-content\/uploads\/2025\/11\/1926_1997.pdf\">Lei Municipal n\u00ba 1926\/97<\/a>)<\/em><\/p><p data-start=\"316\" data-end=\"592\">\u00a0<\/p><h2 data-start=\"599\" data-end=\"645\"><strong data-start=\"602\" data-end=\"645\"><img decoding=\"async\" class=\"emoji\" role=\"img\" draggable=\"false\" src=\"https:\/\/s.w.org\/images\/core\/emoji\/16.0.1\/svg\/1f3af.svg\" alt=\"\ud83c\udfaf\" \/> Finalidades e Atribui\u00e7\u00f5es Essenciais<\/strong><\/h2><p data-start=\"647\" data-end=\"715\">Conforme <strong data-start=\"656\" data-end=\"667\">Art. 2\u00ba<\/strong> da lei:<\/p><p data-start=\"647\" data-end=\"715\"><img decoding=\"async\" class=\"emoji\" role=\"img\" draggable=\"false\" src=\"https:\/\/s.w.org\/images\/core\/emoji\/16.0.1\/svg\/2714.svg\" alt=\"\u2714\ufe0f\" \/> Estabelecer <strong data-start=\"734\" data-end=\"779\">Diretrizes da Pol\u00edtica Agr\u00edcola Municipal<\/strong>.<\/p><p data-start=\"647\" data-end=\"715\"><img decoding=\"async\" class=\"emoji\" role=\"img\" draggable=\"false\" src=\"https:\/\/s.w.org\/images\/core\/emoji\/16.0.1\/svg\/2714.svg\" alt=\"\u2714\ufe0f\" \/> Promover a <strong data-start=\"799\" data-end=\"854\">integra\u00e7\u00e3o dos diversos segmentos do setor agr\u00edcola<\/strong>, incluindo produ\u00e7\u00e3o, comercializa\u00e7\u00e3o, armazenamento, industrializa\u00e7\u00e3o e transporte.<\/p><p data-start=\"647\" data-end=\"715\"><img decoding=\"async\" class=\"emoji\" role=\"img\" draggable=\"false\" src=\"https:\/\/s.w.org\/images\/core\/emoji\/16.0.1\/svg\/2714.svg\" alt=\"\u2714\ufe0f\" \/> Elaborar o <strong data-start=\"957\" data-end=\"1019\">Plano Municipal de Desenvolvimento Agropecu\u00e1rio Plurianual<\/strong> e o <strong data-start=\"1024\" data-end=\"1054\">Programa de Trabalho Anual<\/strong>, acompanhando sua execu\u00e7\u00e3o.<\/p><p data-start=\"647\" data-end=\"715\"><img decoding=\"async\" class=\"emoji\" role=\"img\" draggable=\"false\" src=\"https:\/\/s.w.org\/images\/core\/emoji\/16.0.1\/svg\/2714.svg\" alt=\"\u2714\ufe0f\" \/> Manter <strong data-start=\"1097\" data-end=\"1136\">interc\u00e2mbio com conselhos similares<\/strong>, visando a\u00e7\u00f5es conjuntas e defesa de interesses comuns.<\/p><p data-start=\"647\" data-end=\"715\"><img decoding=\"async\" class=\"emoji\" role=\"img\" draggable=\"false\" src=\"https:\/\/s.w.org\/images\/core\/emoji\/16.0.1\/svg\/2714.svg\" alt=\"\u2714\ufe0f\" \/> Assessorar o Poder Executivo em mat\u00e9rias relacionadas \u00e0 <strong data-start=\"1256\" data-end=\"1300\">agricultura e ao abastecimento alimentar<\/strong>.<\/p><p data-start=\"647\" data-end=\"715\">\u00a0<\/p><h2 data-start=\"1308\" data-end=\"1336\"><strong data-start=\"1311\" data-end=\"1336\"><img decoding=\"async\" class=\"emoji\" role=\"img\" draggable=\"false\" src=\"https:\/\/s.w.org\/images\/core\/emoji\/16.0.1\/svg\/1f465.svg\" alt=\"\ud83d\udc65\" \/> Composi\u00e7\u00e3o do CMDR<\/strong><\/h2><p data-start=\"1338\" data-end=\"1441\">O Conselho \u00e9 composto por <strong data-start=\"1364\" data-end=\"1378\">16 membros<\/strong>, conforme <strong data-start=\"1389\" data-end=\"1400\">Art. 3\u00ba<\/strong>:<\/p><h5><strong data-start=\"1447\" data-end=\"1485\"><img decoding=\"async\" class=\"emoji\" role=\"img\" draggable=\"false\" src=\"https:\/\/s.w.org\/images\/core\/emoji\/16.0.1\/svg\/1f7e6.svg\" alt=\"\ud83d\udfe6\" \/> Representa\u00e7\u00e3o P\u00fablica \/ T\u00e9cnica<\/strong><\/h5><ol data-start=\"1486\" data-end=\"1693\"><li data-start=\"1486\" data-end=\"1541\"><p data-start=\"1489\" data-end=\"1541\">1 titular e 1 suplente da <strong data-start=\"1515\" data-end=\"1539\">Prefeitura Municipal<\/strong><\/p><\/li><li data-start=\"1542\" data-end=\"1619\"><p data-start=\"1545\" data-end=\"1619\">1 titular e 1 suplente do <strong data-start=\"1571\" data-end=\"1610\">Coordenadoria de Assist\u00eancia T\u00e9cnica Integral<\/strong> (CATI)<\/p><\/li><li data-start=\"1620\" data-end=\"1693\"><p data-start=\"1623\" data-end=\"1693\">1 titular e 1 suplente do <strong data-start=\"1571\" data-end=\"1610\">Coordenadoria de Defesa Agropecu\u00e1ria<\/strong> (CAD)<\/p><\/li><\/ol><h5><strong data-start=\"1699\" data-end=\"1756\"><img decoding=\"async\" class=\"emoji\" role=\"img\" draggable=\"false\" src=\"https:\/\/s.w.org\/images\/core\/emoji\/16.0.1\/svg\/1f7e9.svg\" alt=\"\ud83d\udfe9\" \/> Representa\u00e7\u00e3o de Produtores e Trabalhadores Rurais<\/strong><\/h5><ol start=\"4\" data-start=\"1757\" data-end=\"1958\"><li data-start=\"1757\" data-end=\"1839\"><p data-start=\"1760\" data-end=\"1839\">1 titular e 1 suplente da <strong data-start=\"1786\" data-end=\"1837\">Associa\u00e7\u00e3o de Lavradores e Fornecedores de Cana<\/strong><\/p><\/li><li data-start=\"1840\" data-end=\"1890\"><p data-start=\"1843\" data-end=\"1890\">1 titular e 1 suplente do <strong data-start=\"1869\" data-end=\"1888\">Sindicato Rural<\/strong><\/p><\/li><li data-start=\"1891\" data-end=\"1958\"><p data-start=\"1894\" data-end=\"1958\">1 titular e 1 suplente do <strong data-start=\"1920\" data-end=\"1958\">Sindicato dos Trabalhadores Rurais<\/strong><\/p><\/li><\/ol><h5><strong data-start=\"1964\" data-end=\"1999\"><img decoding=\"async\" class=\"emoji\" role=\"img\" draggable=\"false\" src=\"https:\/\/s.w.org\/images\/core\/emoji\/16.0.1\/svg\/1f7eb.svg\" alt=\"\ud83d\udfeb\" \/> Representa\u00e7\u00e3o Cooperativista<\/strong><\/h5><ol start=\"7\" data-start=\"2000\" data-end=\"2183\"><li data-start=\"2000\" data-end=\"2083\"><p data-start=\"2003\" data-end=\"2083\">1 titular e 1 suplente da <strong data-start=\"2029\" data-end=\"2081\">Cooperativa de Lavradores e Fornecedores de Cana<\/strong><\/p><\/li><li data-start=\"2084\" data-end=\"2183\"><p data-start=\"2087\" data-end=\"2183\">1 titular e 1 suplente da <strong data-start=\"2113\" data-end=\"2183\">Cooperativa de Cr\u00e9dito Rural dos Lavradores e Fornecedores de Cana<\/strong><\/p><\/li><li data-start=\"2084\" data-end=\"2183\"><p data-start=\"2087\" data-end=\"2183\">1 titular e 1 suplente da <strong><span class=\"tm7\">Associa\u00e7\u00e3o De <\/span><span class=\"tm7\">Pequenos Produtores De Igarapava E Regi\u00e3o (APEP)<\/span><\/strong><\/p><\/li><\/ol><p data-start=\"2185\" data-end=\"2401\"><img decoding=\"async\" class=\"emoji\" role=\"img\" draggable=\"false\" src=\"https:\/\/s.w.org\/images\/core\/emoji\/16.0.1\/svg\/1f4cc.svg\" alt=\"\ud83d\udccc\" \/> <strong data-start=\"2188\" data-end=\"2244\">Em caso de inexist\u00eancia de associa\u00e7\u00f5es ou sindicatos<\/strong>, deve ser garantida a participa\u00e7\u00e3o de <strong data-start=\"2283\" data-end=\"2339\">representantes dos produtores e trabalhadores rurais<\/strong>. <em data-start=\"2341\" data-end=\"2363\">(Par\u00e1grafo Primeiro)<\/em><\/p><p data-start=\"2403\" data-end=\"2488\"><img decoding=\"async\" class=\"emoji\" role=\"img\" draggable=\"false\" src=\"https:\/\/s.w.org\/images\/core\/emoji\/16.0.1\/svg\/1f4cc.svg\" alt=\"\ud83d\udccc\" \/> Os membros s\u00e3o <strong data-start=\"2421\" data-end=\"2465\">designados por Ato do Prefeito Municipal<\/strong>. <em data-start=\"2467\" data-end=\"2488\">(Par\u00e1grafo Segundo)<\/em><\/p><p data-start=\"2490\" data-end=\"2573\"><img decoding=\"async\" class=\"emoji\" role=\"img\" draggable=\"false\" src=\"https:\/\/s.w.org\/images\/core\/emoji\/16.0.1\/svg\/1f4cc.svg\" alt=\"\ud83d\udccc\" \/> Mandato: <strong data-start=\"2502\" data-end=\"2512\">2 anos<\/strong>, com possibilidade de <strong data-start=\"2535\" data-end=\"2549\">recondu\u00e7\u00e3o<\/strong>. <em data-start=\"2551\" data-end=\"2573\">(Par\u00e1grafo Terceiro)<\/em><\/p><p data-start=\"2490\" data-end=\"2573\">\u00a0<\/p><h1 data-start=\"2837\" data-end=\"2857\"><strong data-start=\"2839\" data-end=\"2857\"><img decoding=\"async\" class=\"emoji\" role=\"img\" draggable=\"false\" src=\"https:\/\/s.w.org\/images\/core\/emoji\/16.0.1\/svg\/1f4da.svg\" alt=\"\ud83d\udcda\" \/> Publica\u00e7\u00f5es<\/strong><\/h1><p data-start=\"2859\" data-end=\"2895\">Ser\u00e3o disponibilizados neste espa\u00e7o:<\/p><ul data-start=\"2897\" data-end=\"3095\"><li data-start=\"2897\" data-end=\"2918\"><p data-start=\"2899\" data-end=\"2918\">Atas das reuni\u00f5es<\/p><\/li><li data-start=\"2919\" data-end=\"2963\"><p data-start=\"2921\" data-end=\"2963\"><strong><a href=\"https:\/\/igarapava.sp.gov.br\/site\/wp-content\/uploads\/2025\/11\/DECRETO-No-3037-DE-04.11.25-CONSELHO-DESENVOLVIMENTO-RUAL.pdf\">Composi\u00e7\u00e3o atual (titulares e suplentes)<\/a><\/strong><\/p><\/li><li data-start=\"2964\" data-end=\"2993\"><p data-start=\"2966\" data-end=\"2993\">Resolu\u00e7\u00f5es e delibera\u00e7\u00f5es<\/p><\/li><li data-start=\"2994\" data-end=\"3062\"><p data-start=\"2996\" data-end=\"3062\">Planos e programas aprovados (PPA Agropecu\u00e1rio \/ Programa Anual)<\/p><\/li><\/ul>\t\t\t\t\t\t\t\t<\/div>\n\t\t\t\t\t<\/div>\n\t\t\t\t<\/div>\n\t\t\t\t<\/div>\n\t\t","protected":false},"excerpt":{"rendered":"<p>O Conselho Municipal de Desenvolvimento Rural (CMDR) \u00e9 o \u00f3rg\u00e3o respons\u00e1vel por assessorar, planejar, integrar e acompanhar as a\u00e7\u00f5es voltadas ao desenvolvimento agr\u00edcola e ao abastecimento rural no Munic\u00edpio de Igarapava.(Art. 1\u00ba, Lei Municipal n\u00ba 1926\/97) \u00a0 Finalidades e Atribui\u00e7\u00f5es Essenciais Conforme Art. 2\u00ba da lei: Estabelecer Diretrizes da Pol\u00edtica Agr\u00edcola Municipal. Promover a integra\u00e7\u00e3o [&hellip;]<\/p>\n","protected":false},"author":1,"featured_media":0,"parent":0,"menu_order":0,"comment_status":"closed","ping_status":"closed","template":"","meta":{"footnotes":""},"class_list":["post-4504","page","type-page","status-publish","hentry"],"_links":{"self":[{"href":"https:\/\/igarapava.sp.gov.br\/site\/wp-json\/wp\/v2\/pages\/4504","targetHints":{"allow":["GET"]}}],"collection":[{"href":"https:\/\/igarapava.sp.gov.br\/site\/wp-json\/wp\/v2\/pages"}],"about":[{"href":"https:\/\/igarapava.sp.gov.br\/site\/wp-json\/wp\/v2\/types\/page"}],"author":[{"embeddable":true,"href":"https:\/\/igarapava.sp.gov.br\/site\/wp-json\/wp\/v2\/users\/1"}],"replies":[{"embeddable":true,"href":"https:\/\/igarapava.sp.gov.br\/site\/wp-json\/wp\/v2\/comments?post=4504"}],"version-history":[{"count":4,"href":"https:\/\/igarapava.sp.gov.br\/site\/wp-json\/wp\/v2\/pages\/4504\/revisions"}],"predecessor-version":[{"id":4510,"href":"https:\/\/igarapava.sp.gov.br\/site\/wp-json\/wp\/v2\/pages\/4504\/revisions\/4510"}],"wp:attachment":[{"href":"https:\/\/igarapava.sp.gov.br\/site\/wp-json\/wp\/v2\/media?parent=4504"}],"curies":[{"name":"wp","href":"https:\/\/api.w.org\/{rel}","templated":true}]}}