{"id":4480,"date":"2025-11-28T13:28:26","date_gmt":"2025-11-28T16:28:26","guid":{"rendered":"https:\/\/igarapava.sp.gov.br\/site\/?page_id=4480"},"modified":"2025-11-28T13:35:55","modified_gmt":"2025-11-28T16:35:55","slug":"cacs-fundeb","status":"publish","type":"page","link":"https:\/\/igarapava.sp.gov.br\/site\/cacs-fundeb\/","title":{"rendered":"CACS-FUNDEB"},"content":{"rendered":"\t\t<div data-elementor-type=\"wp-page\" data-elementor-id=\"4480\" class=\"elementor elementor-4480\" data-elementor-post-type=\"page\">\n\t\t\t\t<div class=\"elementor-element elementor-element-5eca05d e-flex e-con-boxed e-con e-parent\" data-id=\"5eca05d\" data-element_type=\"container\" data-e-type=\"container\">\n\t\t\t\t\t<div class=\"e-con-inner\">\n\t\t\t\t<div class=\"elementor-element elementor-element-66f70f2 elementor-widget elementor-widget-image\" data-id=\"66f70f2\" data-element_type=\"widget\" data-e-type=\"widget\" data-widget_type=\"image.default\">\n\t\t\t\t\t\t\t\t\t\t\t\t\t\t\t<img fetchpriority=\"high\" decoding=\"async\" width=\"300\" height=\"242\" src=\"https:\/\/igarapava.sp.gov.br\/site\/wp-content\/uploads\/2025\/11\/FUNDEB-LOGO-300x242.png\" class=\"attachment-medium size-medium wp-image-4465\" alt=\"\" srcset=\"https:\/\/igarapava.sp.gov.br\/site\/wp-content\/uploads\/2025\/11\/FUNDEB-LOGO-300x242.png 300w, https:\/\/igarapava.sp.gov.br\/site\/wp-content\/uploads\/2025\/11\/FUNDEB-LOGO-1024x825.png 1024w, https:\/\/igarapava.sp.gov.br\/site\/wp-content\/uploads\/2025\/11\/FUNDEB-LOGO-768x619.png 768w, https:\/\/igarapava.sp.gov.br\/site\/wp-content\/uploads\/2025\/11\/FUNDEB-LOGO-1536x1237.png 1536w, https:\/\/igarapava.sp.gov.br\/site\/wp-content\/uploads\/2025\/11\/FUNDEB-LOGO-2048x1650.png 2048w\" sizes=\"(max-width: 300px) 100vw, 300px\" \/>\t\t\t\t\t\t\t\t\t\t\t\t\t\t\t<\/div>\n\t\t\t\t<div class=\"elementor-element elementor-element-99a7e1f elementor-widget elementor-widget-spacer\" data-id=\"99a7e1f\" data-element_type=\"widget\" data-e-type=\"widget\" data-widget_type=\"spacer.default\">\n\t\t\t\t\t\t\t<div class=\"elementor-spacer\">\n\t\t\t<div class=\"elementor-spacer-inner\"><\/div>\n\t\t<\/div>\n\t\t\t\t\t\t<\/div>\n\t\t\t\t<div class=\"elementor-element elementor-element-cbd13b6 elementor-widget elementor-widget-text-editor\" data-id=\"cbd13b6\" data-element_type=\"widget\" data-e-type=\"widget\" data-widget_type=\"text-editor.default\">\n\t\t\t\t\t\t\t\t\t<p data-start=\"417\" data-end=\"814\">O <strong data-start=\"419\" data-end=\"434\">CACS-FUNDEB<\/strong> \u00e9 o \u00f3rg\u00e3o respons\u00e1vel por acompanhar, fiscalizar e controlar a distribui\u00e7\u00e3o, transfer\u00eancia e aplica\u00e7\u00e3o dos recursos do Fundo de Manuten\u00e7\u00e3o e Desenvolvimento da Educa\u00e7\u00e3o B\u00e1sica e de Valoriza\u00e7\u00e3o dos Profissionais da Educa\u00e7\u00e3o (FUNDEB).<br data-start=\"667\" data-end=\"670\" \/>Atua com <strong data-start=\"679\" data-end=\"692\">autonomia<\/strong>, mas em harmonia com a Administra\u00e7\u00e3o P\u00fablica Municipal.<\/p><p data-start=\"417\" data-end=\"814\">\u00a0<\/p><h2 data-start=\"821\" data-end=\"867\"><strong data-start=\"824\" data-end=\"867\"><img decoding=\"async\" class=\"emoji\" role=\"img\" draggable=\"false\" src=\"https:\/\/s.w.org\/images\/core\/emoji\/16.0.1\/svg\/1f3af.svg\" alt=\"\ud83c\udfaf\" \/> Finalidades e Atribui\u00e7\u00f5es Essenciais<\/strong><\/h2><p data-start=\"869\" data-end=\"943\">Conforme Art. 2\u00ba da <strong><a href=\"https:\/\/igarapava.sp.gov.br\/site\/wp-content\/uploads\/2025\/11\/LEI-No-945-DE-05.05.21-CONSELHO-MUNICIPAL-DE-ACOMPANHAMENTO-FUNDEB_000543.pdf\">Lei n\u00ba 945\/2021<\/a><\/strong> :<\/p><p data-start=\"869\" data-end=\"943\"><img decoding=\"async\" class=\"emoji\" role=\"img\" draggable=\"false\" src=\"https:\/\/s.w.org\/images\/core\/emoji\/16.0.1\/svg\/2714.svg\" alt=\"\u2714\ufe0f\" \/> Elaborar parecer sobre a <strong data-start=\"975\" data-end=\"998\">presta\u00e7\u00e3o de contas<\/strong> anual do FUNDEB.<\/p><p data-start=\"869\" data-end=\"943\"><img decoding=\"async\" class=\"emoji\" role=\"img\" draggable=\"false\" src=\"https:\/\/s.w.org\/images\/core\/emoji\/16.0.1\/svg\/2714.svg\" alt=\"\u2714\ufe0f\" \/> Supervisionar o <strong data-start=\"1039\" data-end=\"1056\">censo escolar<\/strong> e elabora\u00e7\u00e3o da proposta or\u00e7ament\u00e1ria da educa\u00e7\u00e3o.<\/p><p data-start=\"869\" data-end=\"943\"><img decoding=\"async\" class=\"emoji\" role=\"img\" draggable=\"false\" src=\"https:\/\/s.w.org\/images\/core\/emoji\/16.0.1\/svg\/2714.svg\" alt=\"\u2714\ufe0f\" \/> Acompanhar a aplica\u00e7\u00e3o dos recursos federais destinados ao transporte escolar (PNATE) e \u00e0 educa\u00e7\u00e3o de jovens e adultos (PEJA).<\/p><p data-start=\"869\" data-end=\"943\"><img decoding=\"async\" class=\"emoji\" role=\"img\" draggable=\"false\" src=\"https:\/\/s.w.org\/images\/core\/emoji\/16.0.1\/svg\/2714.svg\" alt=\"\u2714\ufe0f\" \/> Analisar registros cont\u00e1beis e demonstrativos mensais relativos ao Fundo.<\/p><p data-start=\"869\" data-end=\"943\"><img decoding=\"async\" class=\"emoji\" role=\"img\" draggable=\"false\" src=\"https:\/\/s.w.org\/images\/core\/emoji\/16.0.1\/svg\/2714.svg\" alt=\"\u2714\ufe0f\" \/> Atualizar o regimento interno.<\/p><p data-start=\"869\" data-end=\"943\"><img decoding=\"async\" class=\"emoji\" role=\"img\" draggable=\"false\" src=\"https:\/\/s.w.org\/images\/core\/emoji\/16.0.1\/svg\/2714.svg\" alt=\"\u2714\ufe0f\" \/> Receber e analisar den\u00fancias relativas \u00e0 aplica\u00e7\u00e3o irregular de recursos educacionais.<\/p><p data-start=\"869\" data-end=\"943\">\u00a0<\/p><h2 data-start=\"1461\" data-end=\"1496\"><strong data-start=\"1464\" data-end=\"1496\"><img decoding=\"async\" class=\"emoji\" role=\"img\" draggable=\"false\" src=\"https:\/\/s.w.org\/images\/core\/emoji\/16.0.1\/svg\/1f465.svg\" alt=\"\ud83d\udc65\" \/> Composi\u00e7\u00e3o do CACS-FUNDEB<\/strong><\/h2><p data-start=\"1498\" data-end=\"1608\">A composi\u00e7\u00e3o est\u00e1 prevista no <strong data-start=\"1528\" data-end=\"1539\">Art. 3\u00ba<\/strong> da Lei n\u00ba 945\/2021 (p\u00e1g. 2).<\/p><p data-start=\"1610\" data-end=\"1693\">\u00c9 formada por <strong data-start=\"1624\" data-end=\"1657\">membros titulares e suplentes<\/strong>, divididos nos seguintes segmentos:<\/p><h5><strong data-start=\"1699\" data-end=\"1739\"><img decoding=\"async\" class=\"emoji\" role=\"img\" draggable=\"false\" src=\"https:\/\/s.w.org\/images\/core\/emoji\/16.0.1\/svg\/1f7e6.svg\" alt=\"\ud83d\udfe6\" \/> Representantes do Poder Executivo<\/strong><\/h5><ul data-start=\"1740\" data-end=\"1808\"><li data-start=\"1740\" data-end=\"1808\"><p data-start=\"1742\" data-end=\"1808\">2 representantes, sendo <strong data-start=\"1766\" data-end=\"1807\">1 da Secretaria Municipal de Educa\u00e7\u00e3o<\/strong>.<\/p><\/li><\/ul><h5><strong data-start=\"1814\" data-end=\"1855\"><img decoding=\"async\" class=\"emoji\" role=\"img\" draggable=\"false\" src=\"https:\/\/s.w.org\/images\/core\/emoji\/16.0.1\/svg\/1f7e9.svg\" alt=\"\ud83d\udfe9\" \/> Representantes da Educa\u00e7\u00e3o P\u00fablica<\/strong><\/h5><ul data-start=\"1856\" data-end=\"2033\"><li data-start=\"1856\" data-end=\"1919\"><p data-start=\"1858\" data-end=\"1919\">1 representante dos professores da educa\u00e7\u00e3o b\u00e1sica p\u00fablica.<\/p><\/li><li data-start=\"1920\" data-end=\"1975\"><p data-start=\"1922\" data-end=\"1975\">1 representante dos diretores das escolas p\u00fablicas.<\/p><\/li><li data-start=\"1976\" data-end=\"2033\"><p data-start=\"1978\" data-end=\"2033\">1 representante dos servidores t\u00e9cnico-administrativos.<\/p><\/li><\/ul><h5><strong data-start=\"2039\" data-end=\"2082\"><img decoding=\"async\" class=\"emoji\" role=\"img\" draggable=\"false\" src=\"https:\/\/s.w.org\/images\/core\/emoji\/16.0.1\/svg\/1f7e8.svg\" alt=\"\ud83d\udfe8\" \/> Representantes da Comunidade Escolar<\/strong><\/h5><ul data-start=\"2083\" data-end=\"2200\"><li data-start=\"2083\" data-end=\"2123\"><p data-start=\"2085\" data-end=\"2123\">2 representantes dos pais de alunos.<\/p><\/li><li data-start=\"2124\" data-end=\"2200\"><p data-start=\"2126\" data-end=\"2200\">2 representantes dos estudantes, sendo 1 indicado por entidade estudantil.<\/p><\/li><\/ul><h5><strong data-start=\"2206\" data-end=\"2247\"><img decoding=\"async\" class=\"emoji\" role=\"img\" draggable=\"false\" src=\"https:\/\/s.w.org\/images\/core\/emoji\/16.0.1\/svg\/1f7eb.svg\" alt=\"\ud83d\udfeb\" \/> Representantes de Outros Conselhos<\/strong><\/h5><ul data-start=\"2248\" data-end=\"2321\"><li data-start=\"2248\" data-end=\"2292\"><p data-start=\"2250\" data-end=\"2292\">1 do <strong data-start=\"2255\" data-end=\"2289\">Conselho Municipal de Educa\u00e7\u00e3o<\/strong>.<\/p><\/li><li data-start=\"2293\" data-end=\"2321\"><p data-start=\"2295\" data-end=\"2321\">1 do <strong data-start=\"2300\" data-end=\"2320\">Conselho Tutelar<\/strong>.<\/p><\/li><\/ul><h5><strong data-start=\"2327\" data-end=\"2367\"><img decoding=\"async\" class=\"emoji\" role=\"img\" draggable=\"false\" src=\"https:\/\/s.w.org\/images\/core\/emoji\/16.0.1\/svg\/1f7e7.svg\" alt=\"\ud83d\udfe7\" \/> Representantes da Sociedade Civil<\/strong><\/h5><ul data-start=\"2368\" data-end=\"2524\"><li data-start=\"2368\" data-end=\"2424\"><p data-start=\"2370\" data-end=\"2424\">2 representantes de organiza\u00e7\u00f5es da sociedade civil.<\/p><\/li><li data-start=\"2425\" data-end=\"2467\"><p data-start=\"2427\" data-end=\"2467\">1 representante das escolas ind\u00edgenas.<\/p><\/li><li data-start=\"2468\" data-end=\"2495\"><p data-start=\"2470\" data-end=\"2495\">1 das escolas do campo.<\/p><\/li><li data-start=\"2496\" data-end=\"2524\"><p data-start=\"2498\" data-end=\"2524\">1 das escolas quilombolas.<\/p><\/li><\/ul><p data-start=\"2526\" data-end=\"2714\"><img decoding=\"async\" class=\"emoji\" role=\"img\" draggable=\"false\" src=\"https:\/\/s.w.org\/images\/core\/emoji\/16.0.1\/svg\/1f4cc.svg\" alt=\"\ud83d\udccc\" \/> Cada titular deve ter um suplente correspondente. <em data-start=\"2579\" data-end=\"2595\">(Art. 3\u00ba, \u00a72\u00ba)<\/em><br data-start=\"2595\" data-end=\"2598\" \/><img decoding=\"async\" class=\"emoji\" role=\"img\" draggable=\"false\" src=\"https:\/\/s.w.org\/images\/core\/emoji\/16.0.1\/svg\/1f4cc.svg\" alt=\"\ud83d\udccc\" \/> <strong><a href=\"https:\/\/igarapava.sp.gov.br\/site\/wp-content\/uploads\/2025\/11\/portaria-fundeb.pdf\">Portaria de nomea\u00e7\u00e3o vigente.<\/a><\/strong><\/p><p data-start=\"2526\" data-end=\"2714\">\u00a0<\/p><h2 data-start=\"2721\" data-end=\"2749\"><strong data-start=\"2724\" data-end=\"2749\"><img decoding=\"async\" class=\"emoji\" role=\"img\" draggable=\"false\" src=\"https:\/\/s.w.org\/images\/core\/emoji\/16.0.1\/svg\/2696.svg\" alt=\"\u2696\ufe0f\" \/> Regras Importantes<\/strong><\/h2><p data-start=\"2751\" data-end=\"2837\">Conforme Art. 4\u00ba e Art. 6\u00ba da <strong><a href=\"https:\/\/igarapava.sp.gov.br\/site\/wp-content\/uploads\/2025\/11\/LEI-No-945-DE-05.05.21-CONSELHO-MUNICIPAL-DE-ACOMPANHAMENTO-FUNDEB_000543.pdf\">Lei n\u00ba 945\/2021<\/a><\/strong>:<\/p><p data-start=\"2751\" data-end=\"2837\"><img decoding=\"async\" class=\"emoji\" style=\"background-color: #ffffff;\" role=\"img\" draggable=\"false\" src=\"https:\/\/s.w.org\/images\/core\/emoji\/16.0.1\/svg\/274c.svg\" alt=\"\u274c\" \/> <strong data-start=\"2843\" data-end=\"2855\">\u00c9 vedada<\/strong> a participa\u00e7\u00e3o do Prefeito, Vice-prefeito, diretores municipais, tesoureiro e funcion\u00e1rios de empresas contratadas para gest\u00e3o de recursos do Fundo.<\/p><p data-start=\"2751\" data-end=\"2837\"><img decoding=\"async\" class=\"emoji\" style=\"background-color: #ffffff;\" role=\"img\" draggable=\"false\" src=\"https:\/\/s.w.org\/images\/core\/emoji\/16.0.1\/svg\/2714.svg\" alt=\"\u2714\ufe0f\" \/> A fun\u00e7\u00e3o de conselheiro <strong data-start=\"3036\" data-end=\"3056\">n\u00e3o \u00e9 remunerada<\/strong> e \u00e9 considerada de <strong data-start=\"3076\" data-end=\"3106\">relevante interesse social<\/strong>.<\/p><p data-start=\"2751\" data-end=\"2837\"><img decoding=\"async\" class=\"emoji\" style=\"background-color: #ffffff;\" role=\"img\" draggable=\"false\" src=\"https:\/\/s.w.org\/images\/core\/emoji\/16.0.1\/svg\/2714.svg\" alt=\"\u2714\ufe0f\" \/> Garante dispensa das atividades profissionais para atua\u00e7\u00e3o no Conselho.<\/p><p data-start=\"2751\" data-end=\"2837\"><img decoding=\"async\" class=\"emoji\" style=\"background-color: #ffffff;\" role=\"img\" draggable=\"false\" src=\"https:\/\/s.w.org\/images\/core\/emoji\/16.0.1\/svg\/274c.svg\" alt=\"\u274c\" \/> Conselheiros estudantes n\u00e3o podem ter falta escolar atribu\u00edda por participa\u00e7\u00e3o no CACS.<\/p><p data-start=\"2751\" data-end=\"2837\">\u00a0<\/p><h2 data-start=\"3289\" data-end=\"3307\"><strong data-start=\"3292\" data-end=\"3307\"><img decoding=\"async\" class=\"emoji\" role=\"img\" draggable=\"false\" src=\"https:\/\/s.w.org\/images\/core\/emoji\/16.0.1\/svg\/1f4c5.svg\" alt=\"\ud83d\udcc5\" \/> Reuni\u00f5es<\/strong><\/h2><ul data-start=\"3371\" data-end=\"3592\"><li data-start=\"3371\" data-end=\"3453\"><p data-start=\"3373\" data-end=\"3453\">Reuni\u00f5es ordin\u00e1rias ocorrem conforme regimento interno, <strong data-start=\"3429\" data-end=\"3450\">m\u00ednimo bimestrais<\/strong>.<\/p><\/li><li data-start=\"3454\" data-end=\"3543\"><p data-start=\"3456\" data-end=\"3543\">Reuni\u00f5es extraordin\u00e1rias podem ser convocadas pelo Presidente ou por 2\/3 dos membros.<\/p><\/li><li data-start=\"3544\" data-end=\"3592\"><p data-start=\"3546\" data-end=\"3592\">Delibera\u00e7\u00f5es s\u00e3o tomadas pela maioria simples.<\/p><\/li><\/ul><p>\u00a0<\/p><h2 data-start=\"3599\" data-end=\"3620\"><strong data-start=\"3602\" data-end=\"3620\"><img decoding=\"async\" class=\"emoji\" role=\"img\" draggable=\"false\" src=\"https:\/\/s.w.org\/images\/core\/emoji\/16.0.1\/svg\/1f4da.svg\" alt=\"\ud83d\udcda\" \/> Publica\u00e7\u00f5es<\/strong><\/h2><p data-start=\"3622\" data-end=\"3658\">Neste espa\u00e7o ser\u00e3o disponibilizados:<\/p><ul data-start=\"3660\" data-end=\"3839\"><li data-start=\"3660\" data-end=\"3688\"><p data-start=\"3662\" data-end=\"3688\"><img decoding=\"async\" class=\"emoji\" role=\"img\" draggable=\"false\" src=\"https:\/\/s.w.org\/images\/core\/emoji\/16.0.1\/svg\/1f4c4.svg\" alt=\"\ud83d\udcc4\" \/> Portarias de Nomea\u00e7\u00e3o<\/p><\/li><li data-start=\"3689\" data-end=\"3715\"><p data-start=\"3691\" data-end=\"3715\"><img decoding=\"async\" class=\"emoji\" role=\"img\" draggable=\"false\" src=\"https:\/\/s.w.org\/images\/core\/emoji\/16.0.1\/svg\/1f4c4.svg\" alt=\"\ud83d\udcc4\" \/> Atas e Delibera\u00e7\u00f5es<\/p><\/li><li data-start=\"3716\" data-end=\"3743\"><p data-start=\"3718\" data-end=\"3743\"><img decoding=\"async\" class=\"emoji\" role=\"img\" draggable=\"false\" src=\"https:\/\/s.w.org\/images\/core\/emoji\/16.0.1\/svg\/1f4c4.svg\" alt=\"\ud83d\udcc4\" \/> Pautas e Comunicados<\/p><\/li><li data-start=\"3744\" data-end=\"3788\"><p data-start=\"3746\" data-end=\"3788\"><img decoding=\"async\" class=\"emoji\" role=\"img\" draggable=\"false\" src=\"https:\/\/s.w.org\/images\/core\/emoji\/16.0.1\/svg\/1f4c4.svg\" alt=\"\ud83d\udcc4\" \/> Pareceres e Relat\u00f3rios do CACS-FUNDEB<\/p><\/li><li data-start=\"3789\" data-end=\"3839\"><p data-start=\"3791\" data-end=\"3839\"><img decoding=\"async\" class=\"emoji\" role=\"img\" draggable=\"false\" src=\"https:\/\/s.w.org\/images\/core\/emoji\/16.0.1\/svg\/1f4c4.svg\" alt=\"\ud83d\udcc4\" \/> Presta\u00e7\u00e3o de Contas analisada pelo Conselho<\/p><\/li><\/ul>\t\t\t\t\t\t\t\t<\/div>\n\t\t\t\t\t<\/div>\n\t\t\t\t<\/div>\n\t\t\t\t<\/div>\n\t\t","protected":false},"excerpt":{"rendered":"<p>O CACS-FUNDEB \u00e9 o \u00f3rg\u00e3o respons\u00e1vel por acompanhar, fiscalizar e controlar a distribui\u00e7\u00e3o, transfer\u00eancia e aplica\u00e7\u00e3o dos recursos do Fundo de Manuten\u00e7\u00e3o e Desenvolvimento da Educa\u00e7\u00e3o B\u00e1sica e de Valoriza\u00e7\u00e3o dos Profissionais da Educa\u00e7\u00e3o (FUNDEB).Atua com autonomia, mas em harmonia com a Administra\u00e7\u00e3o P\u00fablica Municipal. \u00a0 Finalidades e Atribui\u00e7\u00f5es Essenciais Conforme Art. 2\u00ba da Lei [&hellip;]<\/p>\n","protected":false},"author":1,"featured_media":0,"parent":0,"menu_order":0,"comment_status":"closed","ping_status":"closed","template":"","meta":{"footnotes":""},"class_list":["post-4480","page","type-page","status-publish","hentry"],"_links":{"self":[{"href":"https:\/\/igarapava.sp.gov.br\/site\/wp-json\/wp\/v2\/pages\/4480","targetHints":{"allow":["GET"]}}],"collection":[{"href":"https:\/\/igarapava.sp.gov.br\/site\/wp-json\/wp\/v2\/pages"}],"about":[{"href":"https:\/\/igarapava.sp.gov.br\/site\/wp-json\/wp\/v2\/types\/page"}],"author":[{"embeddable":true,"href":"https:\/\/igarapava.sp.gov.br\/site\/wp-json\/wp\/v2\/users\/1"}],"replies":[{"embeddable":true,"href":"https:\/\/igarapava.sp.gov.br\/site\/wp-json\/wp\/v2\/comments?post=4480"}],"version-history":[{"count":4,"href":"https:\/\/igarapava.sp.gov.br\/site\/wp-json\/wp\/v2\/pages\/4480\/revisions"}],"predecessor-version":[{"id":4484,"href":"https:\/\/igarapava.sp.gov.br\/site\/wp-json\/wp\/v2\/pages\/4480\/revisions\/4484"}],"wp:attachment":[{"href":"https:\/\/igarapava.sp.gov.br\/site\/wp-json\/wp\/v2\/media?parent=4480"}],"curies":[{"name":"wp","href":"https:\/\/api.w.org\/{rel}","templated":true}]}}