{"id":3779,"date":"2025-07-21T15:45:33","date_gmt":"2025-07-21T18:45:33","guid":{"rendered":"https:\/\/igarapava.sp.gov.br\/site\/?page_id=3779"},"modified":"2026-04-09T09:23:48","modified_gmt":"2026-04-09T12:23:48","slug":"organograma","status":"publish","type":"page","link":"https:\/\/igarapava.sp.gov.br\/site\/organograma\/","title":{"rendered":"Organograma"},"content":{"rendered":"\t\t<div data-elementor-type=\"wp-page\" data-elementor-id=\"3779\" class=\"elementor elementor-3779\" data-elementor-post-type=\"page\">\n\t\t\t\t<div class=\"elementor-element elementor-element-e9eaead e-flex e-con-boxed e-con e-parent\" data-id=\"e9eaead\" data-element_type=\"container\" data-e-type=\"container\">\n\t\t\t\t\t<div class=\"e-con-inner\">\n\t\t\t\t<div class=\"elementor-element elementor-element-93f92d8 elementor-widget elementor-widget-heading\" data-id=\"93f92d8\" data-element_type=\"widget\" data-e-type=\"widget\" data-widget_type=\"heading.default\">\n\t\t\t\t\t<h2 class=\"elementor-heading-title elementor-size-default\">Organograma<\/h2>\t\t\t\t<\/div>\n\t\t\t\t<div class=\"elementor-element elementor-element-b98f10e elementor-widget elementor-widget-spacer\" data-id=\"b98f10e\" data-element_type=\"widget\" data-e-type=\"widget\" data-widget_type=\"spacer.default\">\n\t\t\t\t\t\t\t<div class=\"elementor-spacer\">\n\t\t\t<div class=\"elementor-spacer-inner\"><\/div>\n\t\t<\/div>\n\t\t\t\t\t\t<\/div>\n\t\t\t\t<div class=\"elementor-element elementor-element-3a25789 elementor-widget elementor-widget-text-editor\" data-id=\"3a25789\" data-element_type=\"widget\" data-e-type=\"widget\" data-widget_type=\"text-editor.default\">\n\t\t\t\t\t\t\t\t\t<p>O organograma da Prefeitura Municipal de Igarapava representa, de forma estruturada, a organiza\u00e7\u00e3o administrativa do Poder Executivo Municipal. Por meio dele, \u00e9 poss\u00edvel visualizar a disposi\u00e7\u00e3o hier\u00e1rquica e funcional dos \u00f3rg\u00e3os e setores que comp\u00f5em a administra\u00e7\u00e3o p\u00fablica direta.<\/p><p>Essa ferramenta visa garantir transpar\u00eancia e facilitar o entendimento da popula\u00e7\u00e3o sobre como est\u00e1 distribu\u00edda a gest\u00e3o municipal, quais s\u00e3o os principais departamentos e suas respectivas responsabilidades, al\u00e9m de demonstrar a interliga\u00e7\u00e3o entre os setores.<\/p><p>A estrutura organizacional da Prefeitura est\u00e1 voltada para o atendimento eficaz das demandas da popula\u00e7\u00e3o, promovendo a efici\u00eancia administrativa, o bom uso dos recursos p\u00fablicos e a melhoria cont\u00ednua dos servi\u00e7os prestados \u00e0 comunidade igarapavense.<\/p><p>Abaixo, voc\u00ea pode consultar o organograma completo da Prefeitura Municipal de Igarapava.<\/p><p><a href=\"https:\/\/igarapava.sp.gov.br\/site\/wp-content\/uploads\/2026\/04\/organograma.pdf\" target=\"_blank\" rel=\"noopener\">Organograma<\/a><\/p><p><a href=\"https:\/\/igarapava.sp.gov.br\/site\/wp-content\/uploads\/2026\/04\/LEI-COMPLEMENTAR-No-053-18.07.2017-ESTRUTURA-ADMINISTRATIVA_000313-3.pdf\" target=\"_blank\" rel=\"noopener\">Estrutura Administrativa<\/a><\/p>\t\t\t\t\t\t\t\t<\/div>\n\t\t\t\t\t<\/div>\n\t\t\t\t<\/div>\n\t\t\t\t<\/div>\n\t\t","protected":false},"excerpt":{"rendered":"<p>Organograma O organograma da Prefeitura Municipal de Igarapava representa, de forma estruturada, a organiza\u00e7\u00e3o administrativa do Poder Executivo Municipal. Por meio dele, \u00e9 poss\u00edvel visualizar a disposi\u00e7\u00e3o hier\u00e1rquica e funcional dos \u00f3rg\u00e3os e setores que comp\u00f5em a administra\u00e7\u00e3o p\u00fablica direta. Essa ferramenta visa garantir transpar\u00eancia e facilitar o entendimento da popula\u00e7\u00e3o sobre como est\u00e1 distribu\u00edda [&hellip;]<\/p>\n","protected":false},"author":1,"featured_media":0,"parent":0,"menu_order":0,"comment_status":"closed","ping_status":"closed","template":"","meta":{"footnotes":""},"class_list":["post-3779","page","type-page","status-publish","hentry"],"_links":{"self":[{"href":"https:\/\/igarapava.sp.gov.br\/site\/wp-json\/wp\/v2\/pages\/3779","targetHints":{"allow":["GET"]}}],"collection":[{"href":"https:\/\/igarapava.sp.gov.br\/site\/wp-json\/wp\/v2\/pages"}],"about":[{"href":"https:\/\/igarapava.sp.gov.br\/site\/wp-json\/wp\/v2\/types\/page"}],"author":[{"embeddable":true,"href":"https:\/\/igarapava.sp.gov.br\/site\/wp-json\/wp\/v2\/users\/1"}],"replies":[{"embeddable":true,"href":"https:\/\/igarapava.sp.gov.br\/site\/wp-json\/wp\/v2\/comments?post=3779"}],"version-history":[{"count":13,"href":"https:\/\/igarapava.sp.gov.br\/site\/wp-json\/wp\/v2\/pages\/3779\/revisions"}],"predecessor-version":[{"id":5698,"href":"https:\/\/igarapava.sp.gov.br\/site\/wp-json\/wp\/v2\/pages\/3779\/revisions\/5698"}],"wp:attachment":[{"href":"https:\/\/igarapava.sp.gov.br\/site\/wp-json\/wp\/v2\/media?parent=3779"}],"curies":[{"name":"wp","href":"https:\/\/api.w.org\/{rel}","templated":true}]}}