{"id":20,"date":"2025-01-14T20:56:52","date_gmt":"2025-01-14T20:56:52","guid":{"rendered":"https:\/\/igarapava.sp.gov.br\/portal\/?page_id=20"},"modified":"2026-04-01T12:09:22","modified_gmt":"2026-04-01T15:09:22","slug":"departamentos","status":"publish","type":"page","link":"https:\/\/igarapava.sp.gov.br\/site\/departamentos\/","title":{"rendered":"Departamentos"},"content":{"rendered":"\t\t<div data-elementor-type=\"wp-page\" data-elementor-id=\"20\" class=\"elementor elementor-20\" data-elementor-post-type=\"page\">\n\t\t\t\t<div class=\"elementor-element elementor-element-00c7b30 e-flex e-con-boxed e-con e-parent\" data-id=\"00c7b30\" data-element_type=\"container\" data-e-type=\"container\">\n\t\t\t\t\t<div class=\"e-con-inner\">\n\t\t\t\t<div class=\"elementor-element elementor-element-b285d06 elementor-widget elementor-widget-text-editor\" data-id=\"b285d06\" data-element_type=\"widget\" data-e-type=\"widget\" data-widget_type=\"text-editor.default\">\n\t\t\t\t\t\t\t\t\t<p class=\"tm7\"><strong><span class=\"tm9\">Gabinete do Prefeito<br \/><\/span><\/strong><span class=\"tm8\">Endere\u00e7o: Rua Dr. Gabriel Vilela, 413 &#8211; Centro<br \/>Igarapava-SP.<br \/>(16) 3173-8202<br \/>prefeitura@igarapava.sp.gov.br<br \/>Hor\u00e1rio de Atendimento: Segunda a Sexta das 8h00 \u00e0s 17h00.\u00a0<\/span><\/p><p class=\"tm7\"><strong><span class=\"tm9\">Departamento Municipal de Administra\u00e7\u00e3o<br \/><\/span><\/strong><span class=\"tm8\">Endere\u00e7o: Rua Dr. Gabriel Vilela, 413 &#8211; Centro<br \/>Igarapava-SP.<br \/>(16) 3173-8210<br \/>Hor\u00e1rio de Atendimento: Segunda a Sexta das 8h00 \u00e0s 17h00\u00a0\u00a0<\/span><\/p><p class=\"tm7\"><strong><span class=\"tm9\">Departamento Municipal de Finan\u00e7as<br \/><\/span><\/strong><span class=\"tm8\">Endere\u00e7o: Rua Dr. Gabriel Vilela, 413 &#8211; Centro<br \/>Igarapava-SP.<br \/>(16) 3173-8205<br \/>Hor\u00e1rio de Atendimento: Segunda a Sexta das 8h00 \u00e0s 17h00\u00a0\u00a0<\/span><\/p><p class=\"tm7\"><strong><span class=\"tm9\">Departamento Municipal de Desenvolvimento Social<br \/><\/span><\/strong><span class=\"tm8\">Endere\u00e7o: Pra\u00e7a Rui Barbosa, 147 &#8211; Centro<br \/>Igarapava-SP.<br \/>(16) 3172-1910<br \/>Hor\u00e1rio de Atendimento: Segunda a Sexta das 7h00 \u00e0s 16h00<\/span><\/p><p><strong>Fundo Municipal de Assist\u00eancia Social<\/strong><br \/>Endere\u00e7o: Rua \u00c2ngelo Colmanetti, 115 &#8211; Vila Marilene<br \/>Igarapava-SP.<br \/>(16) 3172-2086.<br \/><span class=\"tm8\">Hor\u00e1rio de Atendimento: Segunda a Sexta das 7h00 \u00e0s 16h00<\/span>\u00a0 \u00a0<\/p><p class=\"tm7\"><strong><span class=\"tm9\">Departamento Municipal de Sa\u00fade<br \/><\/span><\/strong><span class=\"tm8\">Endere\u00e7o: Rua S\u00e3o Salvador, 70 &#8211; Centro<br \/>Igarapava-SP.<br \/>(16) 3172 &#8211; 3086 \/ (16) 3172 &#8211; 4394<br \/>Hor\u00e1rio de Atendimento: Segunda a Sexta das 8h00 \u00e0s 16h00<\/span><\/p><p class=\"tm7\"><strong><span class=\"tm9\">Departamento Municipal de Educa\u00e7\u00e3o, Cultura, Esporte<br \/><\/span><\/strong><span class=\"tm8\">Endere\u00e7o: Rua \u00c2ngelo Colmanetti, 95 &#8211; Vila Marilene<br \/>Igarapava-SP<br \/>(16) 3172 &#8211; 6395 \/ (16) 3172 &#8211; 5961<br \/>educacao@igarapava.sp.gov.br<br \/>Hor\u00e1rio de Atendimento: Segunda a Sexta das 8h00 \u00e0s 11h00 &#8211; 13h00 as 17h00\u00a0<\/span><\/p><p class=\"tm7\"><strong><span class=\"tm9\">Departamento Municipal de Engenharia<br \/><\/span><\/strong><span class=\"tm8\">Endere\u00e7o: Rua Cerqueira Cesar, 561 &#8211; Centro<br \/>Igarapava-SP<br \/>(16) 3173 &#8211; 8235<br \/>Hor\u00e1rio de Atendimento: Segunda a Sexta das 8h00 \u00e0s 11h00 &#8211; 13h00 as 17h00<\/span><\/p><p class=\"tm7\"><strong><span class=\"tm9\">Departamento Municipal de Recursos Humanos<br \/><\/span><\/strong><span class=\"tm8\">Endere\u00e7o: Rua Cerqueira Cesar, 561 &#8211; Centro<br \/>Igarapava-SP<br \/>(16) 3172 &#8211; 3878<br \/>rh@igarapava.sp.gov.br<br \/>Hor\u00e1rio de Atendimento: Segunda a Sexta das 12h00 \u00e0s 17h00<\/span><\/p><p class=\"tm7\"><strong><span class=\"tm9\">Departamento Municipal de Manuten\u00e7\u00e3o e Servi\u00e7os P\u00fablicos<br \/><\/span><\/strong><span class=\"tm8\">Endere\u00e7o: Av. Jo\u00e3o Augusto de Freitas, 629.<br \/>Igarapava-SP<br \/>(16) 3172 &#8211; 1582<br \/>Hor\u00e1rio de Atendimento: Segunda a Sexta das 7h00 \u00e0s 16h00<\/span><\/p><p class=\"tm7\"><strong><span class=\"tm9\">Departamento Municipal de Desenvolvimento Econ\u00f4mico<br \/><\/span><\/strong><span class=\"tm8\">Endere\u00e7o: Av. Jo\u00e3o Augusto de Freitas, 629.<br \/>Igarapava-SP<br \/>(16) 3173 &#8211; 8199<br \/>Hor\u00e1rio de Atendimento: Segunda a Sexta das 7h00 \u00e0s 16h00<\/span><\/p><p class=\"Normal\">\u00a0<\/p>\t\t\t\t\t\t\t\t<\/div>\n\t\t\t\t\t<\/div>\n\t\t\t\t<\/div>\n\t\t\t\t<\/div>\n\t\t","protected":false},"excerpt":{"rendered":"<p>Gabinete do PrefeitoEndere\u00e7o: Rua Dr. Gabriel Vilela, 413 &#8211; CentroIgarapava-SP.(16) 3173-8202prefeitura@igarapava.sp.gov.brHor\u00e1rio de Atendimento: Segunda a Sexta das 8h00 \u00e0s 17h00.\u00a0 Departamento Municipal de Administra\u00e7\u00e3oEndere\u00e7o: Rua Dr. Gabriel Vilela, 413 &#8211; CentroIgarapava-SP.(16) 3173-8210Hor\u00e1rio de Atendimento: Segunda a Sexta das 8h00 \u00e0s 17h00\u00a0\u00a0 Departamento Municipal de Finan\u00e7asEndere\u00e7o: Rua Dr. Gabriel Vilela, 413 &#8211; CentroIgarapava-SP.(16) 3173-8205Hor\u00e1rio de Atendimento: [&hellip;]<\/p>\n","protected":false},"author":1,"featured_media":0,"parent":0,"menu_order":0,"comment_status":"closed","ping_status":"closed","template":"","meta":{"footnotes":""},"class_list":["post-20","page","type-page","status-publish","hentry"],"_links":{"self":[{"href":"https:\/\/igarapava.sp.gov.br\/site\/wp-json\/wp\/v2\/pages\/20","targetHints":{"allow":["GET"]}}],"collection":[{"href":"https:\/\/igarapava.sp.gov.br\/site\/wp-json\/wp\/v2\/pages"}],"about":[{"href":"https:\/\/igarapava.sp.gov.br\/site\/wp-json\/wp\/v2\/types\/page"}],"author":[{"embeddable":true,"href":"https:\/\/igarapava.sp.gov.br\/site\/wp-json\/wp\/v2\/users\/1"}],"replies":[{"embeddable":true,"href":"https:\/\/igarapava.sp.gov.br\/site\/wp-json\/wp\/v2\/comments?post=20"}],"version-history":[{"count":10,"href":"https:\/\/igarapava.sp.gov.br\/site\/wp-json\/wp\/v2\/pages\/20\/revisions"}],"predecessor-version":[{"id":5612,"href":"https:\/\/igarapava.sp.gov.br\/site\/wp-json\/wp\/v2\/pages\/20\/revisions\/5612"}],"wp:attachment":[{"href":"https:\/\/igarapava.sp.gov.br\/site\/wp-json\/wp\/v2\/media?parent=20"}],"curies":[{"name":"wp","href":"https:\/\/api.w.org\/{rel}","templated":true}]}}